= 3*t - 783 - 1282. Suppose f + 10 - t = 0. Is f prime?
True
Let m(a) = -29*a - 48. Let c(v) = -97 - 10*v - 57*v + 0*v + 10*v. Let i(p) = -3*c(p) + 5*m(p). Is i(16) a prime number?
True
Let b = -22716 + 28732. Suppose 3*r + 12 = 7*r. Suppose r*f = -5*t + 4517, -4*f - 5*t + 0*t + b = 0. Is f a prime number?
True
Suppose 5*x = -4*l - 10, 0 = -0*l + 3*l + 4*x + 8. Suppose l = 5*r + 3*d - 128, -37 - 60 = -4*r + 3*d. Suppose 27*b = r*b + 3414. Is b composite?
True
Is (-2)/((-55213858)/92022530 + 3/5) prime?
True
Suppose -175*j - 9416630 = 96*j - 26920791. Is j composite?
False
Let v(p) be the third derivative of -951*p**4/8 + 157*p**3/3 + 271*p**2. Is v(-49) composite?
False
Let w = 20 + -20. Let g be (-2792)/2 - w/(1 + -2). Is (-4)/(-2 + g/(-700)) - -3 a prime number?
False
Let t(j) = 260*j**2 + 1432*j - 7. Is t(19) prime?
True
Let d(k) = 4*k - 30. Let b be d(7). Let l be (-5)/(30/966) + -1 + b. Let a = 291 + l. Is a a composite number?
False
Suppose -479025 = -5*d + 5*a, -287423 = -3*d + 26*a - 24*a. Is d a composite number?
False
Let m(c) = -7414*c**3 + 4*c**2 + 4*c - 3. Is m(-2) composite?
True
Let x be 9*(-1)/(-27)*8415. Let o = -568 + x. Is o a composite number?
False
Let u = -4 - -7. Let o(z) = 83*z - 1040. Let m be o(29). Suppose u*g - 1294 = m. Is g prime?
True
Let r = 122 - 241. Let w be (10*-1)/(17/r). Let j = w + -45. Is j a prime number?
False
Let i be 1/(7/19390*1). Suppose 0*g + 5*j = g - 2772, -g + i = -3*j. Is g a prime number?
True
Let o(i) = 10*i**2 + 8*i + 3. Let h be o(-21). Let x = 7654 - h. Is x a composite number?
True
Is (18 + (-2093540)/16)*-4 a prime number?
False
Suppose -4*g + 2*y + 14 = 0, 10*y - 6*y - 7 = g. Suppose 82592 = g*l - 4*n + 14327, -l = 4*n - 13629. Is l a composite number?
False
Suppose 0 = 3*z + 2*l - 94905, -64*l - 31649 = -z - 60*l. Is z composite?
True
Let w(f) = -1437*f**2 + 3*f - 3. Let u(a) = 5748*a**2 - 11*a + 11. Let v(r) = -2*u(r) - 9*w(r). Is v(-3) a composite number?
False
Let q = 687844 + -473715. Is q prime?
True
Let a(s) = 3*s**3 - 6*s**2 - s + 8. Let u be a(6). Suppose -5*q = v - 770, 542*v + 738 = 543*v - 3*q. Suppose -5*d = 5*n - v, 2*d + d = n + u. Is d composite?
True
Suppose 7 = -4*h - 45. Let w = -7 - h. Suppose d + 1660 = 5*o, o - w*o + 1670 = -3*d. Is o a prime number?
True
Suppose 0*s + 4*s = -2692. Let r = s - -1021. Suppose -4*f = -0*f - r. Is f prime?
False
Is ((-397870)/(-40))/(8/32) composite?
True
Suppose -a + 810992 = -h + 214554, -13*a + 2*h + 7753793 = 0. Is a composite?
True
Suppose 0*g = 9*g - 54. Suppose -13930 = -g*r - 4*r. Is r a prime number?
False
Let x be 302058/30 + 3/(-5). Suppose -11*w = w - x. Is w a prime number?
True
Let z(f) = -6906*f - 679. Is z(-25) a composite number?
True
Let s be -6 + 3 + (0 - 0). Is ((-2230)/(-20))/(2/(-12)*s) composite?
False
Let i = 105 + -359. Let m = i + 847. Is m prime?
True
Suppose 0 = -17*w + 14*w + 3*s + 6552, 5*w - 10916 = s. Let n = -907 - -379. Let v = n + w. Is v composite?
True
Let r = -258208 - -446373. Is r a composite number?
True
Suppose -b = -4*a - 43465, 0 = -7*b + 5*b + a + 86930. Suppose -6662 = 13*k - b. Is k a composite number?
True
Let r = 198 + -125. Let h = -47 - -50. Suppose -h*w + 310 = r. Is w a composite number?
False
Is 1702 - -37921 - (-3)/((-6)/8) a composite number?
False
Let z(g) = 201*g**2 + 5*g + 24. Let s be z(-4). Suppose -y - 4*y = -2*o - s, -o = -4*y + 2573. Let b = -155 + y. Is b a prime number?
True
Let f be (-3)/(8/192*-9). Suppose f*k - 4998 = 11154. Is k a composite number?
True
Let g(j) = -j + 20. Let r be g(21). Is (822 - 1)*(r + 2) prime?
True
Suppose 6*x = 2*x + 1528. Let r = x + -727. Let c = r + 494. Is c prime?
True
Let v be (0 - 0)*7/(-14). Suppose v = -5*p + 6*i - 7*i + 84056, 2*i - 33624 = -2*p. Is p a prime number?
True
Let z = 21894 - 6607. Is z a composite number?
False
Let a be 0 + -4 + 3 + -7449. Is 3 + (24/15)/((-10)/a) composite?
True
Let h be 6/(-27) + (-27579)/(-27)*5. Is ((-1 - h)/(-1))/(42/21) prime?
False
Let g(m) = 1443*m**3 + 2*m**2 - 10*m + 10. Is g(3) composite?
False
Let f(p) = -9*p + 36. Let i be f(4). Suppose i = -8*z + 22*z - 30646. Is z composite?
True
Suppose 3*x + 2*z = 4*x + 281535, 3*x + z + 844633 = 0. Let c = x - -61998. Is (1/5)/(c/109775 - -2) a prime number?
True
Let m = -201449 - -429442. Is m prime?
True
Is (-1 - 74793)*(-26 + 12)/(-7 + 11) prime?
False
Suppose -5*t - 7 = -3*k, -k - 5*t = -2*k + 19. Let w(y) = 171*y - 55. Let o(z) = 86*z - 27. Let p(g) = 7*o(g) - 4*w(g). Is p(k) composite?
False
Suppose 0 = 5*c + 8 + 7, -f - 3*c - 7 = 0. Suppose 5*i + 11120 - 38627 = -t, -4 = -f*t. Is i a composite number?
False
Is (2 - -1)/12 - 151831939/(-196) prime?
False
Suppose -66*g + 61*g = -175. Is 527/5 + (-189)/g + 6 a prime number?
False
Suppose y = -j + 6*y + 362, -2*j + 3*y + 717 = 0. Suppose -3*s - 3*r = -483, s - 5*r = -s + j. Suppose -21 = -m + s. Is m a composite number?
True
Suppose 9984 = 2*s + 4*v, -3*v - 13758 = -2*s - 3767. Let h = s - 2977. Is h composite?
False
Suppose -5*s - 758 = -5*t + 247, 2*s - t + 397 = 0. Is 1/((-4)/(-1)) - 10339/s a composite number?
False
Let h(f) = -13*f**3 + 42*f**2 - 39*f - 643. Is h(-35) a prime number?
False
Suppose -3*w - w = -16. Let l(a) = -a**3 - 3*a**2 - 6*a - 13. Let p be l(-3). Suppose -1235 = -5*o - w*f, 0 = -p*o + 2*f - f + 1260. Is o composite?
False
Is ((-51)/(-34))/(-2 - (-8407)/4202) composite?
True
Let w(m) be the first derivative of 21813*m**4/4 - m**3 + m**2/2 - 84. Is w(1) a prime number?
False
Is (-1 + 6/18*0)/(6/(-772566)) prime?
True
Let j be (-4792)/(-20) + 2/5. Suppose d = 2*q + 4*d, 4*q = -2*d. Suppose t - 117 = -4*p, 2*t + 0*p + 2*p - j = q. Is t composite?
True
Let b(a) = 6*a + 22. Let c be b(-3). Suppose 0*s + 9608 = c*s. Is s a composite number?
True
Let q = 1841 + -1203. Suppose -293 = -7*h + q. Is h prime?
False
Let z(l) = -l + 13. Let r be z(5). Suppose -r*p = -5*p - 2127. Is p a composite number?
False
Suppose -43*m = 20*m. Let i(d) = 91*d**3 - 3*d**2. Let s be i(2). Suppose m = -7*a + 425 + s. Is a prime?
True
Let u(n) = -14*n**3 + 4*n**2 + n - 7. Let t be u(-7). Let h = 9831 - t. Is h prime?
False
Suppose 1925057 = 2*l - 3*w, -4*l + 676835 = 7*w - 3173370. Is l composite?
True
Let q = 660 - 628. Suppose -q*y + 171831 + 34153 = 0. Is y prime?
False
Let w = -39 - -39. Suppose w = 5*x + 130 - 155. Suppose 4*u - 834 = 3*q - x*q, 638 = 3*u - q. Is u composite?
False
Let y(g) = 5*g**3 + 7*g**2 + 6*g - 5. Let w(t) = -11*t**3 - 15*t**2 - 13*t + 11. Let j(u) = 6*w(u) + 13*y(u). Let b be j(2). Is 36 + (-1)/3*b prime?
True
Let q(l) = 2*l + 18. Let u be q(-7). Suppose u*c - 23 = -5*v, 10 + 3 = 2*c + v. Suppose -242 = -c*r + 5*r. Is r composite?
True
Suppose 339*a - 2*z - 77302 = 338*a, 0 = -4*z + 8. Is a a prime number?
False
Suppose -4*d + 0*d - 8130 = -422758. Is d a composite number?
False
Let z be (-1)/((-1)/(-3)) + 241*-2. Let g = z + 864. Is g a prime number?
True
Let f be (2 + (-12)/6)/(2 + -1). Suppose 0 = h - x - 553, f = -2*h - 7*x + 11*x + 1098. Is h composite?
False
Let k(g) = 10767*g - 2732. Is k(49) a composite number?
True
Suppose 2*f + 23 = -175. Suppose 0 = -0*a + 4*a + 4*v - 224, -2*v + 10 = 0. Is f/(-6)*(a/9 - 1) a composite number?
True
Suppose -26304 + 2807927 = 37*f. Is f a composite number?
True
Suppose -106925 = -6*b - 4715. Suppose 0 = 2*k - 5*g - 6814, 25*k + 4*g - b = 20*k. Is k a prime number?
True
Let o(d) = 495916*d + 66. Is o(1) prime?
False
Let z = 711212 - 269721. Is z prime?
False
Let s(y) = y**2 + 3*y + 2. Let o(l) = -162*l**2 - 31*l - 27. Let t(w) = -o(w) - 5*s(w). Is t(8) prime?
True
Suppose -269*f = -264269 - 18882374 - 10063260. Is f a prime number?
True
Suppose -26 = 35*i - 37*i. Let q(f) = 95*f - 44. Is q(i) a composite number?
True
Let r be (-4 - -8)/((-2)/(-23)). Let q be r - (1 - 0/(4 - 1)). Is 18/q - ((-13296)/10 + 1) a prime number?
False
Is -177 - -94770 - (-20 + 0) composite?
False
Let p = 34 + -34. Suppose p = -6*h + 3*h + 10077. Is h a composite number?
False
Suppose 0 = -4*t + 2*w + 148, w + 67 = 5*t - 121. Let r = t - 36. Suppose h - 73 = r*c, 0 = -5*c + 4 + 6. Is h prime?
False
Let j be 2/(-5) - (-1028)/(-40)*-2. Let a = -27 + j. Is (-12732)/a*(-1 + -1) a prime number?
True
Let t = -396689 - -626826. Is t a prime number?
True
Suppose 